{"id":61,"date":"2020-08-07T15:10:36","date_gmt":"2020-08-07T13:10:36","guid":{"rendered":"http:\/\/fichierdesfideles.fr\/?page_id=61"},"modified":"2020-12-24T13:37:48","modified_gmt":"2020-12-24T12:37:48","slug":"les-grands-principes","status":"publish","type":"page","link":"https:\/\/fichierdesfideles.fr\/index.php\/les-grands-principes\/","title":{"rendered":"Les grands principes"},"content":{"rendered":"\t\t<div data-elementor-type=\"wp-page\" data-elementor-id=\"61\" class=\"elementor elementor-61\">\n\t\t\t\t\t\t<div class=\"elementor-inner\">\n\t\t\t\t<div class=\"elementor-section-wrap\">\n\t\t\t\t\t\t\t\t\t<section class=\"elementor-section elementor-top-section elementor-element elementor-element-48829edf elementor-section-boxed elementor-section-height-default elementor-section-height-default\" data-id=\"48829edf\" data-element_type=\"section\">\n\t\t\t\t\t\t<div class=\"elementor-container elementor-column-gap-default\">\n\t\t\t\t\t\t\t<div class=\"elementor-row\">\n\t\t\t\t\t<div class=\"elementor-column elementor-col-100 elementor-top-column elementor-element elementor-element-6cd19d1c\" data-id=\"6cd19d1c\" data-element_type=\"column\">\n\t\t\t<div class=\"elementor-column-wrap elementor-element-populated\">\n\t\t\t\t\t\t\t<div class=\"elementor-widget-wrap\">\n\t\t\t\t\t\t<div class=\"elementor-element elementor-element-e1d703c elementor-widget elementor-widget-spacer\" data-id=\"e1d703c\" data-element_type=\"widget\" data-widget_type=\"spacer.default\">\n\t\t\t\t<div class=\"elementor-widget-container\">\n\t\t\t\t\t<div class=\"elementor-spacer\">\n\t\t\t<div class=\"elementor-spacer-inner\"><\/div>\n\t\t<\/div>\n\t\t\t\t<\/div>\n\t\t\t\t<\/div>\n\t\t\t\t\t\t<\/div>\n\t\t\t\t\t<\/div>\n\t\t<\/div>\n\t\t\t\t\t\t\t\t<\/div>\n\t\t\t\t\t<\/div>\n\t\t<\/section>\n\t\t\t\t<section class=\"elementor-section elementor-top-section elementor-element elementor-element-f084701 elementor-section-boxed elementor-section-height-default elementor-section-height-default\" data-id=\"f084701\" data-element_type=\"section\">\n\t\t\t\t\t\t<div class=\"elementor-container elementor-column-gap-default\">\n\t\t\t\t\t\t\t<div class=\"elementor-row\">\n\t\t\t\t\t<div class=\"elementor-column elementor-col-100 elementor-top-column elementor-element elementor-element-9e0d85b\" data-id=\"9e0d85b\" data-element_type=\"column\">\n\t\t\t<div class=\"elementor-column-wrap elementor-element-populated\">\n\t\t\t\t\t\t\t<div class=\"elementor-widget-wrap\">\n\t\t\t\t\t\t<div class=\"elementor-element elementor-element-a8e33b7 elementor-widget elementor-widget-heading\" data-id=\"a8e33b7\" data-element_type=\"widget\" data-widget_type=\"heading.default\">\n\t\t\t\t<div class=\"elementor-widget-container\">\n\t\t\t<h2 class=\"elementor-heading-title elementor-size-default\">Les grands principes<\/h2>\t\t<\/div>\n\t\t\t\t<\/div>\n\t\t\t\t\t\t<\/div>\n\t\t\t\t\t<\/div>\n\t\t<\/div>\n\t\t\t\t\t\t\t\t<\/div>\n\t\t\t\t\t<\/div>\n\t\t<\/section>\n\t\t\t\t<section class=\"elementor-section elementor-top-section elementor-element elementor-element-092a267 elementor-section-boxed elementor-section-height-default elementor-section-height-default\" data-id=\"092a267\" data-element_type=\"section\">\n\t\t\t\t\t\t<div class=\"elementor-container elementor-column-gap-default\">\n\t\t\t\t\t\t\t<div class=\"elementor-row\">\n\t\t\t\t\t<div class=\"elementor-column elementor-col-100 elementor-top-column elementor-element elementor-element-192be6b\" data-id=\"192be6b\" data-element_type=\"column\">\n\t\t\t<div class=\"elementor-column-wrap elementor-element-populated\">\n\t\t\t\t\t\t\t<div class=\"elementor-widget-wrap\">\n\t\t\t\t\t\t<div class=\"elementor-element elementor-element-c908f7b elementor-widget elementor-widget-image\" data-id=\"c908f7b\" data-element_type=\"widget\" data-widget_type=\"image.default\">\n\t\t\t\t<div class=\"elementor-widget-container\">\n\t\t\t\t\t\t\t\t<div class=\"elementor-image\">\n\t\t\t\t\t\t\t\t\t\t\t\t<img decoding=\"async\" width=\"800\" height=\"450\" src=\"https:\/\/fichierdesfideles.fr\/wp-content\/uploads\/2020\/10\/Image2a.png\" class=\"attachment-large size-large wp-image-127\" alt=\"\" loading=\"lazy\" srcset=\"https:\/\/fichierdesfideles.fr\/wp-content\/uploads\/2020\/10\/Image2a.png 800w, https:\/\/fichierdesfideles.fr\/wp-content\/uploads\/2020\/10\/Image2a-300x169.png 300w, https:\/\/fichierdesfideles.fr\/wp-content\/uploads\/2020\/10\/Image2a-768x432.png 768w\" sizes=\"(max-width: 800px) 100vw, 800px\" \/>\t\t\t\t\t\t\t\t\t\t\t\t\t\t<\/div>\n\t\t\t\t\t\t<\/div>\n\t\t\t\t<\/div>\n\t\t\t\t\t\t<\/div>\n\t\t\t\t\t<\/div>\n\t\t<\/div>\n\t\t\t\t\t\t\t\t<\/div>\n\t\t\t\t\t<\/div>\n\t\t<\/section>\n\t\t\t\t<section class=\"elementor-section elementor-top-section elementor-element elementor-element-fff8157 elementor-section-boxed elementor-section-height-default elementor-section-height-default\" data-id=\"fff8157\" data-element_type=\"section\">\n\t\t\t\t\t\t<div class=\"elementor-container elementor-column-gap-default\">\n\t\t\t\t\t\t\t<div class=\"elementor-row\">\n\t\t\t\t\t<div class=\"elementor-column elementor-col-100 elementor-top-column elementor-element elementor-element-d4e97fe\" data-id=\"d4e97fe\" data-element_type=\"column\">\n\t\t\t<div class=\"elementor-column-wrap elementor-element-populated\">\n\t\t\t\t\t\t\t<div class=\"elementor-widget-wrap\">\n\t\t\t\t\t\t<div class=\"elementor-element elementor-element-bbf6028 elementor-widget elementor-widget-spacer\" data-id=\"bbf6028\" data-element_type=\"widget\" data-widget_type=\"spacer.default\">\n\t\t\t\t<div class=\"elementor-widget-container\">\n\t\t\t\t\t<div class=\"elementor-spacer\">\n\t\t\t<div class=\"elementor-spacer-inner\"><\/div>\n\t\t<\/div>\n\t\t\t\t<\/div>\n\t\t\t\t<\/div>\n\t\t\t\t<div class=\"elementor-element elementor-element-8aac491 elementor-widget elementor-widget-text-editor\" data-id=\"8aac491\" data-element_type=\"widget\" data-widget_type=\"text-editor.default\">\n\t\t\t\t<div class=\"elementor-widget-container\">\n\t\t\t\t\t\t\t\t<div class=\"elementor-text-editor elementor-clearfix\">\n\t\t\t\t<p>Non, le Fichier-des-Fid\u00e8les (le FiFi) n&rsquo;est pas une usine \u00e0 gaz comme le sugg\u00e8re l&rsquo;illustration ci-dessus !<\/p>\n<p>Le FifFi est compos\u00e9 de deux grandes parties :<\/p>\t\t\t\t\t<\/div>\n\t\t\t\t\t\t<\/div>\n\t\t\t\t<\/div>\n\t\t\t\t\t\t<\/div>\n\t\t\t\t\t<\/div>\n\t\t<\/div>\n\t\t\t\t\t\t\t\t<\/div>\n\t\t\t\t\t<\/div>\n\t\t<\/section>\n\t\t\t\t<section class=\"elementor-section elementor-top-section elementor-element elementor-element-3d74930 elementor-section-boxed elementor-section-height-default elementor-section-height-default\" data-id=\"3d74930\" data-element_type=\"section\">\n\t\t\t\t\t\t<div class=\"elementor-container elementor-column-gap-default\">\n\t\t\t\t\t\t\t<div class=\"elementor-row\">\n\t\t\t\t\t<div class=\"elementor-column elementor-col-100 elementor-top-column elementor-element elementor-element-6ba01ad\" data-id=\"6ba01ad\" data-element_type=\"column\">\n\t\t\t<div class=\"elementor-column-wrap elementor-element-populated\">\n\t\t\t\t\t\t\t<div class=\"elementor-widget-wrap\">\n\t\t\t\t\t\t<section class=\"elementor-section elementor-inner-section elementor-element elementor-element-b2387d4 elementor-section-boxed elementor-section-height-default elementor-section-height-default\" data-id=\"b2387d4\" data-element_type=\"section\">\n\t\t\t\t\t\t<div class=\"elementor-container elementor-column-gap-default\">\n\t\t\t\t\t\t\t<div class=\"elementor-row\">\n\t\t\t\t\t<div class=\"elementor-column elementor-col-50 elementor-inner-column elementor-element elementor-element-b648c89\" data-id=\"b648c89\" data-element_type=\"column\">\n\t\t\t<div class=\"elementor-column-wrap elementor-element-populated\">\n\t\t\t\t\t\t\t<div class=\"elementor-widget-wrap\">\n\t\t\t\t\t\t<div class=\"elementor-element elementor-element-71bc054 elementor-widget elementor-widget-text-editor\" data-id=\"71bc054\" data-element_type=\"widget\" data-widget_type=\"text-editor.default\">\n\t\t\t\t<div class=\"elementor-widget-container\">\n\t\t\t\t\t\t\t\t<div class=\"elementor-text-editor elementor-clearfix\">\n\t\t\t\t<p>La <span style=\"text-decoration: underline;\"><strong>premi\u00e8re partie<\/strong><\/span> d\u00e9crit les familles.<\/p>\n<p>Pourquoi une structure <span style=\"text-decoration: underline;\">familiale<\/span> et non une structure <span style=\"text-decoration: underline;\">individuelle<\/span>, comme le proposent tous les sites commerciaux ? Parce que l&rsquo;important dans l&rsquo;\u00e9glise est de pouvoir identifier les couples et les enfants, m\u00eame petits.<\/p>\n<p>Cette partie est accessible aux int\u00e9ress\u00e9s eux-m\u00eames depuis Internet \u00e0 travers un identifiant et un mot de passe.<\/p>\n<p>Ainsi, chaque famille peut tenir ses donn\u00e9es \u00e0 jour.<\/p>\t\t\t\t\t<\/div>\n\t\t\t\t\t\t<\/div>\n\t\t\t\t<\/div>\n\t\t\t\t\t\t<\/div>\n\t\t\t\t\t<\/div>\n\t\t<\/div>\n\t\t\t\t<div class=\"elementor-column elementor-col-50 elementor-inner-column elementor-element elementor-element-6bd0e59\" data-id=\"6bd0e59\" data-element_type=\"column\">\n\t\t\t<div class=\"elementor-column-wrap elementor-element-populated\">\n\t\t\t\t\t\t\t<div class=\"elementor-widget-wrap\">\n\t\t\t\t\t\t<div class=\"elementor-element elementor-element-ea3a51e elementor-widget elementor-widget-image\" data-id=\"ea3a51e\" data-element_type=\"widget\" data-widget_type=\"image.default\">\n\t\t\t\t<div class=\"elementor-widget-container\">\n\t\t\t\t\t\t\t\t<div class=\"elementor-image\">\n\t\t\t\t\t\t\t\t\t\t\t\t<img decoding=\"async\" width=\"500\" height=\"288\" src=\"https:\/\/fichierdesfideles.fr\/wp-content\/uploads\/2020\/11\/coupled-1.png\" class=\"attachment-large size-large wp-image-234\" alt=\"\" loading=\"lazy\" srcset=\"https:\/\/fichierdesfideles.fr\/wp-content\/uploads\/2020\/11\/coupled-1.png 500w, https:\/\/fichierdesfideles.fr\/wp-content\/uploads\/2020\/11\/coupled-1-300x173.png 300w\" sizes=\"(max-width: 500px) 100vw, 500px\" \/>\t\t\t\t\t\t\t\t\t\t\t\t\t\t<\/div>\n\t\t\t\t\t\t<\/div>\n\t\t\t\t<\/div>\n\t\t\t\t\t\t<\/div>\n\t\t\t\t\t<\/div>\n\t\t<\/div>\n\t\t\t\t\t\t\t\t<\/div>\n\t\t\t\t\t<\/div>\n\t\t<\/section>\n\t\t\t\t<div class=\"elementor-element elementor-element-871f3ab elementor-widget-divider--view-line elementor-widget elementor-widget-divider\" data-id=\"871f3ab\" data-element_type=\"widget\" data-widget_type=\"divider.default\">\n\t\t\t\t<div class=\"elementor-widget-container\">\n\t\t\t\t\t<div class=\"elementor-divider\">\n\t\t\t<span class=\"elementor-divider-separator\">\n\t\t\t\t\t\t<\/span>\n\t\t<\/div>\n\t\t\t\t<\/div>\n\t\t\t\t<\/div>\n\t\t\t\t<section class=\"elementor-section elementor-inner-section elementor-element elementor-element-395d699 elementor-section-boxed elementor-section-height-default elementor-section-height-default\" data-id=\"395d699\" data-element_type=\"section\">\n\t\t\t\t\t\t<div class=\"elementor-container elementor-column-gap-default\">\n\t\t\t\t\t\t\t<div class=\"elementor-row\">\n\t\t\t\t\t<div class=\"elementor-column elementor-col-50 elementor-inner-column elementor-element elementor-element-22e02bb\" data-id=\"22e02bb\" data-element_type=\"column\">\n\t\t\t<div class=\"elementor-column-wrap elementor-element-populated\">\n\t\t\t\t\t\t\t<div class=\"elementor-widget-wrap\">\n\t\t\t\t\t\t<div class=\"elementor-element elementor-element-3dba759 elementor-widget elementor-widget-image\" data-id=\"3dba759\" data-element_type=\"widget\" data-widget_type=\"image.default\">\n\t\t\t\t<div class=\"elementor-widget-container\">\n\t\t\t\t\t\t\t\t<div class=\"elementor-image\">\n\t\t\t\t\t\t\t\t\t\t\t\t<img decoding=\"async\" width=\"500\" height=\"438\" src=\"https:\/\/fichierdesfideles.fr\/wp-content\/uploads\/2020\/10\/activ.png\" class=\"attachment-large size-large wp-image-157\" alt=\"\" loading=\"lazy\" srcset=\"https:\/\/fichierdesfideles.fr\/wp-content\/uploads\/2020\/10\/activ.png 500w, https:\/\/fichierdesfideles.fr\/wp-content\/uploads\/2020\/10\/activ-300x263.png 300w\" sizes=\"(max-width: 500px) 100vw, 500px\" \/>\t\t\t\t\t\t\t\t\t\t\t\t\t\t<\/div>\n\t\t\t\t\t\t<\/div>\n\t\t\t\t<\/div>\n\t\t\t\t\t\t<\/div>\n\t\t\t\t\t<\/div>\n\t\t<\/div>\n\t\t\t\t<div class=\"elementor-column elementor-col-50 elementor-inner-column elementor-element elementor-element-b3678c8\" data-id=\"b3678c8\" data-element_type=\"column\">\n\t\t\t<div class=\"elementor-column-wrap elementor-element-populated\">\n\t\t\t\t\t\t\t<div class=\"elementor-widget-wrap\">\n\t\t\t\t\t\t<div class=\"elementor-element elementor-element-2cc802e elementor-widget elementor-widget-text-editor\" data-id=\"2cc802e\" data-element_type=\"widget\" data-widget_type=\"text-editor.default\">\n\t\t\t\t<div class=\"elementor-widget-container\">\n\t\t\t\t\t\t\t\t<div class=\"elementor-text-editor elementor-clearfix\">\n\t\t\t\t<p>La<span style=\"text-decoration: underline;\"><strong> seconde partie<\/strong><\/span> d\u00e9crit les diverses activit\u00e9s de la paroisse : cat\u00e9, animation liturgique, aum\u00f4nerie &#8230; etc<\/p>\n<p>A chaque activit\u00e9, sont attach\u00e9es des petites applications simples :<\/p>\n<ul>\n<li>calendrier,<\/li>\n<li>blog,<\/li>\n<li>partage de fichiers,<\/li>\n<li>diffusion de messages,<\/li>\n<li>formulaires d&rsquo;inscription,<\/li>\n<li>liens contr\u00f4l\u00e9s vers des applications externes,<\/li>\n<\/ul>\n<p>Les responsables de chaque activit\u00e9 peuvent choisir les petites applications \u00e0 mettre en ligne.<\/p>\t\t\t\t\t<\/div>\n\t\t\t\t\t\t<\/div>\n\t\t\t\t<\/div>\n\t\t\t\t\t\t<\/div>\n\t\t\t\t\t<\/div>\n\t\t<\/div>\n\t\t\t\t\t\t\t\t<\/div>\n\t\t\t\t\t<\/div>\n\t\t<\/section>\n\t\t\t\t<div class=\"elementor-element elementor-element-dda5350 elementor-widget-divider--view-line elementor-widget elementor-widget-divider\" data-id=\"dda5350\" data-element_type=\"widget\" data-widget_type=\"divider.default\">\n\t\t\t\t<div class=\"elementor-widget-container\">\n\t\t\t\t\t<div class=\"elementor-divider\">\n\t\t\t<span class=\"elementor-divider-separator\">\n\t\t\t\t\t\t<\/span>\n\t\t<\/div>\n\t\t\t\t<\/div>\n\t\t\t\t<\/div>\n\t\t\t\t<section class=\"elementor-section elementor-inner-section elementor-element elementor-element-b700cb5 elementor-section-boxed elementor-section-height-default elementor-section-height-default\" data-id=\"b700cb5\" data-element_type=\"section\">\n\t\t\t\t\t\t<div class=\"elementor-container elementor-column-gap-default\">\n\t\t\t\t\t\t\t<div class=\"elementor-row\">\n\t\t\t\t\t<div class=\"elementor-column elementor-col-50 elementor-inner-column elementor-element elementor-element-f5d0fab\" data-id=\"f5d0fab\" data-element_type=\"column\">\n\t\t\t<div class=\"elementor-column-wrap elementor-element-populated\">\n\t\t\t\t\t\t\t<div class=\"elementor-widget-wrap\">\n\t\t\t\t\t\t<div class=\"elementor-element elementor-element-115ac2c elementor-widget elementor-widget-text-editor\" data-id=\"115ac2c\" data-element_type=\"widget\" data-widget_type=\"text-editor.default\">\n\t\t\t\t<div class=\"elementor-widget-container\">\n\t\t\t\t\t\t\t\t<div class=\"elementor-text-editor elementor-clearfix\">\n\t\t\t\t<p>Chaque personne d\u00e9crite dans la partie \u00ab\u00a0famille\u00a0\u00bb, peut cocher les activit\u00e9s qui l\u2019int\u00e9ressent, afin de constituer une table de croisement entre les individus et les activit\u00e9s.<\/p><p>Les avantages sont multiples :<\/p><h5><span style=\"text-decoration: underline;\">Pour le fid\u00e8le lui-m\u00eame<\/span> :<\/h5><p>Il est libre, d&rsquo;un simple clic,\u00a0 d\u2019acc\u00e9der ou non \u00e0 une activit\u00e9, sans avoir \u00e0 rechercher qui s&rsquo;en occupe, et comment faire partie du cercle des initi\u00e9s,<\/p><p>Il acc\u00e8de aux seules donn\u00e9es qui l\u2019int\u00e9ressent, et n&rsquo;est pas encombr\u00e9 par tous les messages de toutes les activit\u00e9s.<\/p><h5><span style=\"text-decoration: underline;\">Pour les responsables d&rsquo;activit\u00e9 :<\/span><\/h5><p>Il peuvent se concentrer sur l&rsquo;animation sans avoir \u00e0 tenir \u00e0 jour la liste des personnes int\u00e9ress\u00e9es.<\/p><h5><span style=\"text-decoration: underline;\">Pour le responsable de la pastorale :<\/span><\/h5><p>Il a une vue unique sur toutes les activit\u00e9s<\/p><p>Il peut communiquer de fa\u00e7on s\u00e9lective avec ses paroissiens.<\/p>\t\t\t\t\t<\/div>\n\t\t\t\t\t\t<\/div>\n\t\t\t\t<\/div>\n\t\t\t\t\t\t<\/div>\n\t\t\t\t\t<\/div>\n\t\t<\/div>\n\t\t\t\t<div class=\"elementor-column elementor-col-50 elementor-inner-column elementor-element elementor-element-a6cecd6\" data-id=\"a6cecd6\" data-element_type=\"column\">\n\t\t\t<div class=\"elementor-column-wrap elementor-element-populated\">\n\t\t\t\t\t\t\t<div class=\"elementor-widget-wrap\">\n\t\t\t\t\t\t<div class=\"elementor-element elementor-element-4ad42e9 elementor-widget elementor-widget-image\" data-id=\"4ad42e9\" data-element_type=\"widget\" data-widget_type=\"image.default\">\n\t\t\t\t<div class=\"elementor-widget-container\">\n\t\t\t\t\t\t\t\t<div class=\"elementor-image\">\n\t\t\t\t\t\t\t\t\t\t\t\t<img decoding=\"async\" width=\"500\" height=\"552\" src=\"https:\/\/fichierdesfideles.fr\/wp-content\/uploads\/2020\/11\/coupled.png\" class=\"attachment-large size-large wp-image-232\" alt=\"\" loading=\"lazy\" srcset=\"https:\/\/fichierdesfideles.fr\/wp-content\/uploads\/2020\/11\/coupled.png 500w, https:\/\/fichierdesfideles.fr\/wp-content\/uploads\/2020\/11\/coupled-272x300.png 272w\" sizes=\"(max-width: 500px) 100vw, 500px\" \/>\t\t\t\t\t\t\t\t\t\t\t\t\t\t<\/div>\n\t\t\t\t\t\t<\/div>\n\t\t\t\t<\/div>\n\t\t\t\t\t\t<\/div>\n\t\t\t\t\t<\/div>\n\t\t<\/div>\n\t\t\t\t\t\t\t\t<\/div>\n\t\t\t\t\t<\/div>\n\t\t<\/section>\n\t\t\t\t<div class=\"elementor-element elementor-element-d9f6b02 elementor-widget elementor-widget-text-editor\" data-id=\"d9f6b02\" data-element_type=\"widget\" data-widget_type=\"text-editor.default\">\n\t\t\t\t<div class=\"elementor-widget-container\">\n\t\t\t\t\t\t\t\t<div class=\"elementor-text-editor elementor-clearfix\">\n\t\t\t\t<h5><span style=\"text-decoration: underline;\">Au plan du RGPD :<\/span><\/h5>\n<p>Les fid\u00e8les tiennent \u00e0 jour eux-m\u00eames leurs donn\u00e9es personnelles,<\/p>\n<p>La diffusion d&rsquo;information se fait, par d\u00e9finition, avec le plein accord des int\u00e9ress\u00e9s,<\/p>\n<p>Aucune liste ne circule ; les adresses email et les contacts t\u00e9l\u00e9phoniques ne sont accessibles qu&rsquo;aux seuls responsables &#8230;<\/p>\n<p>Un fid\u00e8le qui ne participe plus \u00e0 aucune activit\u00e9 ne re\u00e7oit plus d&rsquo;information &#8211; il sera automatiquement supprim\u00e9 des fichiers au bout d&rsquo;un temps donn\u00e9.<\/p>\t\t\t\t\t<\/div>\n\t\t\t\t\t\t<\/div>\n\t\t\t\t<\/div>\n\t\t\t\t\t\t<\/div>\n\t\t\t\t\t<\/div>\n\t\t<\/div>\n\t\t\t\t\t\t\t\t<\/div>\n\t\t\t\t\t<\/div>\n\t\t<\/section>\n\t\t\t\t<section class=\"elementor-section elementor-top-section elementor-element elementor-element-c218cf0 elementor-section-boxed elementor-section-height-default elementor-section-height-default\" data-id=\"c218cf0\" data-element_type=\"section\">\n\t\t\t\t\t\t<div class=\"elementor-container elementor-column-gap-default\">\n\t\t\t\t\t\t\t<div class=\"elementor-row\">\n\t\t\t\t\t<div class=\"elementor-column elementor-col-100 elementor-top-column elementor-element elementor-element-de1d26d\" data-id=\"de1d26d\" data-element_type=\"column\">\n\t\t\t<div class=\"elementor-column-wrap elementor-element-populated\">\n\t\t\t\t\t\t\t<div class=\"elementor-widget-wrap\">\n\t\t\t\t\t\t<div class=\"elementor-element elementor-element-04da752 elementor-widget-divider--view-line elementor-widget elementor-widget-divider\" data-id=\"04da752\" data-element_type=\"widget\" data-widget_type=\"divider.default\">\n\t\t\t\t<div class=\"elementor-widget-container\">\n\t\t\t\t\t<div class=\"elementor-divider\">\n\t\t\t<span class=\"elementor-divider-separator\">\n\t\t\t\t\t\t<\/span>\n\t\t<\/div>\n\t\t\t\t<\/div>\n\t\t\t\t<\/div>\n\t\t\t\t<div class=\"elementor-element elementor-element-978c151 elementor-widget elementor-widget-text-editor\" data-id=\"978c151\" data-element_type=\"widget\" data-widget_type=\"text-editor.default\">\n\t\t\t\t<div class=\"elementor-widget-container\">\n\t\t\t\t\t\t\t\t<div class=\"elementor-text-editor elementor-clearfix\">\n\t\t\t\t<p>Pour entrer dans le d\u00e9tail, <a href=\"http:\/\/fichierdesfideles.fr\/index.php\/liste-des-caracteristiques\/\">cliquez ici<\/a><\/p>\t\t\t\t\t<\/div>\n\t\t\t\t\t\t<\/div>\n\t\t\t\t<\/div>\n\t\t\t\t\t\t<\/div>\n\t\t\t\t\t<\/div>\n\t\t<\/div>\n\t\t\t\t\t\t\t\t<\/div>\n\t\t\t\t\t<\/div>\n\t\t<\/section>\n\t\t\t\t<section class=\"elementor-section elementor-top-section elementor-element elementor-element-46c4b08 elementor-section-boxed elementor-section-height-default elementor-section-height-default\" data-id=\"46c4b08\" data-element_type=\"section\">\n\t\t\t\t\t\t<div class=\"elementor-container elementor-column-gap-default\">\n\t\t\t\t\t\t\t<div class=\"elementor-row\">\n\t\t\t\t\t<div class=\"elementor-column elementor-col-100 elementor-top-column elementor-element elementor-element-8e2b607\" data-id=\"8e2b607\" data-element_type=\"column\">\n\t\t\t<div class=\"elementor-column-wrap elementor-element-populated\">\n\t\t\t\t\t\t\t<div class=\"elementor-widget-wrap\">\n\t\t\t\t\t\t<div class=\"elementor-element elementor-element-0285e29 elementor-widget elementor-widget-spacer\" data-id=\"0285e29\" data-element_type=\"widget\" data-widget_type=\"spacer.default\">\n\t\t\t\t<div class=\"elementor-widget-container\">\n\t\t\t\t\t<div class=\"elementor-spacer\">\n\t\t\t<div class=\"elementor-spacer-inner\"><\/div>\n\t\t<\/div>\n\t\t\t\t<\/div>\n\t\t\t\t<\/div>\n\t\t\t\t\t\t<\/div>\n\t\t\t\t\t<\/div>\n\t\t<\/div>\n\t\t\t\t\t\t\t\t<\/div>\n\t\t\t\t\t<\/div>\n\t\t<\/section>\n\t\t\t\t\t\t\t\t\t<\/div>\n\t\t\t<\/div>\n\t\t\t\t\t<\/div>\n\t\t","protected":false},"excerpt":{"rendered":"<p>Les grands principes Non, le Fichier-des-Fid\u00e8les (le FiFi) n&rsquo;est pas une usine \u00e0 gaz comme le sugg\u00e8re l&rsquo;illustration ci-dessus ! Le FifFi est compos\u00e9 de deux grandes parties : La premi\u00e8re partie d\u00e9crit les familles. Pourquoi une structure familiale et non une structure individuelle, comme le proposent tous les sites commerciaux ? Parce que l&rsquo;important &hellip;<\/p>\n<p class=\"read-more\"> <a class=\"\" href=\"https:\/\/fichierdesfideles.fr\/index.php\/les-grands-principes\/\"> <span class=\"screen-reader-text\">Les grands principes<\/span> Lire la suite\u00a0\u00bb<\/a><\/p>\n","protected":false},"author":1,"featured_media":0,"parent":0,"menu_order":0,"comment_status":"closed","ping_status":"closed","template":"","meta":{"site-sidebar-layout":"no-sidebar","site-content-layout":"page-builder","ast-global-header-display":"","ast-banner-title-visibility":"","ast-main-header-display":"","ast-hfb-above-header-display":"","ast-hfb-below-header-display":"","ast-hfb-mobile-header-display":"","site-post-title":"disabled","ast-breadcrumbs-content":"","ast-featured-img":"disabled","footer-sml-layout":"","theme-transparent-header-meta":"default","adv-header-id-meta":"","stick-header-meta":"default","header-above-stick-meta":"","header-main-stick-meta":"","header-below-stick-meta":""},"_links":{"self":[{"href":"https:\/\/fichierdesfideles.fr\/index.php\/wp-json\/wp\/v2\/pages\/61"}],"collection":[{"href":"https:\/\/fichierdesfideles.fr\/index.php\/wp-json\/wp\/v2\/pages"}],"about":[{"href":"https:\/\/fichierdesfideles.fr\/index.php\/wp-json\/wp\/v2\/types\/page"}],"author":[{"embeddable":true,"href":"https:\/\/fichierdesfideles.fr\/index.php\/wp-json\/wp\/v2\/users\/1"}],"replies":[{"embeddable":true,"href":"https:\/\/fichierdesfideles.fr\/index.php\/wp-json\/wp\/v2\/comments?post=61"}],"version-history":[{"count":33,"href":"https:\/\/fichierdesfideles.fr\/index.php\/wp-json\/wp\/v2\/pages\/61\/revisions"}],"predecessor-version":[{"id":257,"href":"https:\/\/fichierdesfideles.fr\/index.php\/wp-json\/wp\/v2\/pages\/61\/revisions\/257"}],"wp:attachment":[{"href":"https:\/\/fichierdesfideles.fr\/index.php\/wp-json\/wp\/v2\/media?parent=61"}],"curies":[{"name":"wp","href":"https:\/\/api.w.org\/{rel}","templated":true}]}}